6
Evaluate 269 + -276 - (0 + 2 + 6).
-15
-122 - -121 - (-12 + -1) - 9
3
Evaluate (0 - 0) + (-10 - -15).
5
Calculate 13 + (-28 - (-40 + 2)).
23
What is -7 - -1 - ((-5 - -11) + -18)?
6
4 - 1 - ((-137 - -116) + 16 + 1)
7
What is 0 - (5 - (-2 - (-1 - (18 - 10))))?
2
0 + 0 - (114 + -119 - (-1 - -12))
16
What is the value of -18 + 0 - (12 + -31)?
1
Evaluate 38 + (-8 - -12) - 75.
-33
What is 6 - (48 + -42 + 2 + 1 + 5)?
-8
Evaluate 13 + (-27 + 17 - (0 - 4)).
7
Evaluate -17 - (12 + 1 + -17).
-13
(-15 + -19 + 35 - (1 - -2)) + 14
12
What is 5 + 0 - (-287 + 299)?
-7
(1 + -1 - -14) + -5
9
What is the value of (-6 - 3) + (-3 + -4 - -2) + 8?
-6
What is (-78 - -79) + (-3 - -2)?
0
What is 10 + (48 - 23) - 24?
11
Calculate -12 + (-1 + 8 + 9 + -19 - -33).
18
What is -1 + 28 + -27 + 4 + (1 - 2)?
3
Calculate -20 + 0 - (-3 - 11).
-6
What is the value of -2 - (-8 - 44 - -21)?
29
Evaluate -18 - -7 - -5 - (1 - 6) - -7.
6
Calculate -17 - -22 - 4 - (-14 + -1) - 0.
16
(-14 - -40 - 8 - 4) + -13
1
Calculate 38 + 2 + -41 + (0 - -3) + 1.
3
(4 - (-1 - -19)) + -1
-15
Evaluate -5 - (-2 + -2 + -6).
5
What is the value of (2 - -1) + (-19 - (11 + -23))?
-4
Evaluate 4 - (-12 + (-3 - (-7 + -34))).
-22
Calculate -14 + 10 + 23 + -11.
8
What is the value of -9 - (72 + -89 + (1 - 11))?
18
What is the value of (36 - 7) + -30 + (0 - 22)?
-23
Evaluate -3 - 5 - (9 + -32 + -1).
16
What is -1 - (-7 + (2 - -10) + -15) - -7?
16
7 + 10 + (10 - 12)
15
What is the value of (4 - 0) + 7 + -29 + 18?
0
-4 - (-13 - -15) - (7 - -3)
-16
Evaluate 14 + -16 + (-5 - -5) + 3.
1
Evaluate (43 + -25 - 43) + 5.
-20
Evaluate 19 + 18 + -17 + (6 - 11) + 5.
20
What is (1 - 0 - (11 + -2) - 2) + 16?
6
Calculate 0 - ((9 + -36 - -8) + 6).
13
Evaluate -12 + (13 - 12) - 1.
-12
Evaluate (-19 - -34) + (8 - 14 - 43).
-34
What is the value of 7 + (-9 + (9 - 9) - 6)?
-8
(4 + -12 - (-3 - 5)) + 6
6
What is (-22 - (-2 + -25)) + 0 + -11?
-6
What is the value of -23 + (26 - 3 - 9)?
-9
Calculate (7 - (-19 - -13) - -4) + -40.
-23
Calculate -10 + 5 + (10 - 5).
0
-43 + -7 + 30 + 6
-14
What is 11 + (0 - 11 - 6)?
-6
Calculate 728 + -763 - (-23 + 1).
-13
What is 6 - ((7 - -1) + 7 + -11 + 7)?
-5
What is the value of 22 - (47 + -37 + 0 + -8) - 10?
10
Calculate (11 - (-23 - -29)) + 4.
9
Calculate (33 - 14) + 11 + -42.
-12
Evaluate (3 - (20 + -20)) + (-17 - (-1 + 0)).
-13
Calculate 2 + 0 - (60 - 89 - -17).
14
-39 + 54 - (-1 + 1) - (-2 + -4)
21
Calculate 11 - (-12 + 4 + 12 - 2) - 44.
-35
Evaluate 1 + (24 - (14 + 2)).
9
Evaluate 1 - 18 - ((-16 - -14) + 17 - 17).
-15
What is (-5 - 1) + (293 - 281)?
6
Calculate -12 + 2 + 9 - (-3 - 1).
3
What is -9 - ((2 - -1) + (-7 - -12 - -2))?
-19
What is (73 - 76) + -15 + (-1 - 1 - -2)?
-18
What is 1 + 6 + -3 + (-3 - -11)?
12
What is the value of 0 - (-2 + -3 - -9 - -7)?
-11
What is 7 + 1 - (-52 - -53) - (-1 - -10)?
-2
What is the value of -4 + 4 - (1 - -2) - (560 + -555)?
-8
Evaluate 65 + -20 + -59 - (-4 - (0 - 1)).
-11
Calculate 26 - (16 - (19 + -16)).
13
What is 7 + 10 + 5 + -17 + 8?
13
What is 17 - (-18 + 19 + (-5 - 1) - -11)?
11
Evaluate -12 - 0 - ((17 - 6) + -21).
-2
What is -13 - (-7 - (-3 - 15) - 9)?
-15
What is the value of -18 - (7 + -14 + 9 + -8)?
-12
What is the value of 11 - 0 - (-25 + (22 - -4))?
10
What is the value of -1 + -22 + (10 - (-10 + 18)) + 0?
-21
What is (1 - 0) + 19 + -18 + -11 + 19?
10
What is 11 - (1 + -5 - -35)?
-20
What is the value of -2 + 4 - 1 - (86 + -77)?
-8
Evaluate (-4 - 2) + (7 - 3) + (3 - 12).
-11
Calculate (-1 + -15 - (22 + -28)) + 8.
-2
What is 15 - 10 - (-4 - -2 - (-33 - -22))?
-4
-2 + 5 + (1 - 5) + 1
0
4 - (-22 - (-20 + 16 + -10))
12
6 - (10 - (-1 + -16))
-21
What is -6 - (6 - ((4 - -9) + -1))?
0
Calculate (6 - 15) + (-2 - (8 - 8) - 3).
-14
((2 - -3 - 10) + 3 - 3) + -10
-15
Evaluate 8 - (-1 + -2 + 57 + -57) - 3.
8
What is -8 + 5 - (-9 - -15)?
-9
What is the value of 7 + -13 + 30 + (5 - (11 - -1))?
17
What is (-9 - -11 - (3 + -2)) + -1?
0
Evaluate (-8 - 13) + 8 + 17 + 6.
10
What is the value of 54 + (-33 - 35) + (0 - 11)?
-25
Evaluate -11 - (11 + -5 + 1 + 188 + -205).
-1
Evaluate (-1 - -1 - -1) + (18 - 44) + 21.
-4
Calculate -6 + 7 - (-15 + 17).
-1
Evaluate -16 + 46 + -16 + -15.
-1
Evaluate -8 + -9 + 2 + (6 - -2) + -11.
-18
Evaluate -124 + 130 - (0 - 2).
8
What is the value of -34 - (-42 + 49 + -24)?
-17
Calculate -5 + (0 + 2 - 4) - (-55 + 37).
11
What is 15 + (9 + 5 - -15 - 14)?
30
-3 + -40 + 42 - (10 + 2)
-13
Evaluate 21 + (15 - 26) + -23.
-13
Evaluate 6 - (4 + (-4 - (4 + -2))).
8
Calculate -10 - 1 - (4 - (-11 + 10 + -1)).
-17
Calculate -2 + (9 - (-15 + 25)).
-3
What is 25 + -10 + (38 - 30)?
23
(-16 - -19) + -16 + 17
4
Calculate 6 - 3 - (33 + 3) - (1 + -6).
-28
What is -4 - (-5 - ((-6 - -1) + 6))?
2
Evaluate -8 + (16 + -9 - 0) + 8.
7
Calculate -13 + 3 + 17 + -7.
0
What is the value of 18 + (30 + -27 - 10)?
11
What is 2 - (-3 - -2) - 0 - -7 - 11?
-1
What is the value of (8 - 2) + -20 + 7 + (-10 - -11)?
-6
What is 1 + (3 + 3 - (5 + 2))?
0
What is 52 - 24 - 9 - 7?
12
Evaluate -33 + 5 - (-4 - ((17 - 8) + -10)).
-25
What is the value of 1 - (-23 - (-8 + -9))?
7
22 + -11 - ((-1 - (-4 - -7)) + 5)
10
28 - 36 - (-2 + 2 + -4)
-4
What is (2 - -20 - 0) + (-14 - -2) + 2?
12
What is the value of -4 + (-6 + 2 - (7 + -12) - -8)?
5
Calculate -1 + 6 - (449 + -445).
1
What is (23 - (-8 - -5)) + -3 + -3 - 7?
13
Evaluate 14 + (1 - (-2 + 4)).
13
What is -18 - ((53 - 35) + 0 + -64)?
28
17 - (4 - (-30 + -11 + 3))
-25
What is the value of 32 + (-42 - 3) - (1 + -17)?
3
Calculate -2 + -17 + -1 + (-3 - -6).
-17
Evaluate -15 + (9 - 4 - -2 - (-4 + 5)).
-9
-7 - -19 - 29 - -28
11
(37 - 16) + -1 - 41
-21
(391 - 390) + 1 + -1
1
Calculate (174 - 191) + (4 - 1).
-14
What is the value of 22 + (4 - 14 - -6) - -2?
20
What is the value of 23 + -31 + (0 + 18 - 1) - -17?
26
What is the value of -17 - (-9 - (-2 + -3)) - -1?
-12
What is -15 + (-4 + 3 - (-6 + -3)) + -2?
-9
Evaluate -9 - (-6 - (-10 + 26)).
13
What is 3 + 0 + (-15 - -9) - -14?
11
Calculate -2 + 3 + 6 - (-1 + (3 - -1)).
4
-26 - (15 - (15 + 0))
-26
Evaluate (-3 - -9) + (-10 - -8) + 2 - -4.
10
What is -3 - (8 + (7 - 26))?
8
What is 24 + -26 + 0 - (1 + 0 - 1)?
-2
What is the value of (11 - -5 - (11 - 8)) + -37?
-24
(-2 - 9 - -25) + -17
-3
Evaluate -4 + (3 - (-5 + 15)).
-11
-13 + (25 - 2 - 27)
-17
What is the value of (-185 - -182) + (-4 + (-3 - 0) - 3)?
-13
(-11 - (9 - 10)) + 20
10
What is -2 + 14 - (-44 + 52)?
4
What is the value of 9 + -15 + 9 - -18 - 9?
12
What is the value of -2 + -6 - (-62 - -56)?
-2
Calculate -10 + 10 + -15 + -18 + 6.
-27
Evaluate 5 - (-2 - 3 - -14).
-4
Evaluate 12 - 16 - (0 - 3 - (5 + 4)).
8
What is the value of (-40 - (5 - 12)) + 12?
-21
What is the value of 36 + -1 + 1113 + -1147?
1
What is the value of -29 + 3 + (-35 - (0 + -51))?
-10
Calculate -9 - (-23 + -10 + 24).
0
-7 + 23 - (-10 - -34)
-8
What is the value of -28 - -32 - (17 + -3)?
-10
29 - (-2 - -16) - 10
5
Evaluate 3 - 27 - (-313 - -259).
30
-16 + -10 + 29 + (-10 - 0)
-7
What is -20 + (5 - (9 - -2 - 9))?
-17
Calculate -11 + 5 - ((0 - 6) + 11).
-11
Evaluate -9 + -3 + (-27 + 0 - -17).
-22
Calculate 8 + (-12 - -1) + (2 - -3).
2
(-2 + 6 - 2) + (102 - 97)
7
Evaluate -21 - -16 - 6 - -1 - -13.
3
Calculate (13 - (7 + 8 + -7)) + -2.
3
What is the value of 0 + 9 + 3 + -16 - 8?
-12
-16 + -2 + -2 + 11
-9
Calculate 34 + -23 + (-2 - 2) + -1.
6
Calculate 0 + -5 + -1 - (17 + (41 - 53)).
-11
Evaluate 9 - ((-11 - (11 + -6 - 5)) + -10).
30
What is the value of 39 - 13 - (-4 + 0) - (8 + -4)?
26
Calculate -9 + (16 - (4 + 5 + -5)).
3
(-4 - -4) + 5 + (-66 - -63) + 9
11
What is the value of -5 - ((-4 - ((-6 - -4) + 4)) + -10)?
11
What is the value of (-10 + 16 - 4) + -5?
-3
Calculate 11 + (16 - 8) - 8.
11
What is 4 + (-13 - -56) + -22?
25
Calculate (10 - -11) + -27 + 16.
10
(-19 - (-2 - 12) - 0) + 43
38
7 + -1 + -9 + 8 + -11 + 21
15
What is the value of -8 - ((-7 - -2 - 2) + -4) - 6?
-3
Evaluate -51 - -25 - -29 - -6.
9
Calculate -2 + 1 + 0 + 5 - (-27 + 52).
-21
What is the value of -11 + -11 + 7 + 4?
-11
Calculate -5 - (-9 + -7 + 7 - -6).
-2
24 - 42 - (-24 - 0)
6
Calculate -14 + 39 + -8 + -9.
8
Evaluate (39 - 32) + (4 - 9).
2
What is the value of 12 + -6 - (-15 - -26)?
-5
What is the value of (-2 - 0) + -1 + 2 + -27 - -3?
-25
(70 - 70) + (0 - (1 + -8))
7
Calculate -5 + -2 + (0 - 7 - (-1